12431116 (base 9) in base 5?
-3030240210
What is -1414330 (base 6) in base 7?
-452241
Convert 110244352 (base 6) to base 7.
22561235
What is 21112112202100 (base 3) in base 16?
3d2204
Convert -25456 (base 10) to base 6.
-313504
1503451 (base 6) to base 12
41b87
Convert -102103c (base 14) to base 8.
-35015516
Convert -1121242431 (base 5) to base 16.
-268645
What is 1344407 (base 12) in base 13?
a3b0a9
What is -10110110010000110100100 (base 2) in base 6?
-332001540
What is -a7a48 (base 16) in base 10?
-686664
Convert -344262 (base 8) to base 11.
-7a926
-11223500 (base 6) to base 9
-576020
942cc (base 14) to base 10
357292
What is 12566a (base 12) in base 11?
195348
298d6 (base 15) to base 6
2510350
What is -2202102121020 (base 3) in base 15?
-1de119
Convert 112b34 (base 16) to base 10.
1125172
What is a15b (base 14) in base 10?
27717
What is 1032212211 (base 4) in base 10?
321957
Convert -132112031 (base 4) to base 2.
-11110010110001101
515534503 (base 6) to base 15
bbd576
Convert -661746 (base 10) to base 8.
-2414362
Convert 21120003 (base 4) to base 7.
216651
Convert -12531262 (base 8) to base 5.
-1204021013
What is -11040201232 (base 5) in base 16?
-b7ae3c
What is -617b8 (base 12) in base 9?
-213545
321bb6 (base 14) to base 2
110011101111010000100
Convert -1951b (base 16) to base 10.
-103707
Convert -10076 (base 13) to base 11.
-1a593
314 (base 8) to base 11
176
441343 (base 7) to base 8
227051
What is -73157b (base 14) in base 13?
-a5ca48
What is -511122440 (base 6) in base 2?
-100001010100101110011000
-1010873 (base 9) to base 15
-a9946
What is 14196130 (base 10) in base 12?
490742a
What is -232426 (base 10) in base 12?
-b260a
225151306 (base 7) to base 13
2b1c896
Convert 71215 (base 11) to base 8.
313214
What is -2207142 (base 8) in base 3?
-1010011010201
Convert -3f2f9e (base 16) to base 6.
-224431034
6622a (base 11) to base 16
1776a
What is 35f2 (base 16) in base 14?
5066
Convert 40011425 (base 6) to base 15.
172412
Convert a766c (base 13) to base 9.
510348
-1304033 (base 5) to base 12
-12926
Convert -10312321 (base 5) to base 16.
-1598d
What is -27c0b (base 14) in base 10?
-98403
What is 5515430 (base 6) in base 11?
178426
Convert 31c7735 (base 13) to base 15.
1506ea8
What is 31411200 (base 6) in base 8?
3403160
Convert 1413661 (base 9) to base 6.
24352514
What is 1697aa (base 16) in base 6?
51422414
What is -234034326 (base 7) in base 9?
-30218210
What is 1442104004 (base 5) in base 13?
a53402
What is 219215 (base 12) in base 10?
534257
7505115 (base 8) to base 9
3680462
213320313323 (base 4) to base 8
47706773
Convert 240a62 (base 15) to base 11.
a77a62
Convert a8782 (base 12) to base 5.
24103130
Convert 2a1a97 (base 16) to base 15.
397899
What is 14360876 (base 9) in base 7?
114366255
What is 157228 (base 10) in base 7?
1223251
What is 66255 (base 14) in base 7?
2050235
Convert 17cffc (base 16) to base 6.
53240512
-4321210 (base 5) to base 2
-10001111001011001
Convert 369876 (base 13) to base 11.
812628
What is 595721 (base 12) in base 4?
11133223021
-27c57 (base 14) to base 2
-11000000010100101
-5757b (base 14) to base 12
-a2aa1
Convert 239852 (base 16) to base 8.
10714122
What is 3a176 (base 12) in base 2?
10011011101101010
What is 110102120112 (base 3) in base 11?
157885
-13375 (base 10) to base 11
-a05a
Convert 413502 (base 6) to base 5.
2030410
-356401 (base 8) to base 6
-2341201
Convert -3de5b (base 16) to base 2.
-111101111001011011
-122330311002 (base 4) to base 7
-114023241
What is -12331312 (base 8) in base 4?
-22123023022
-65236 (base 10) to base 3
-10022111011
Convert 11001001010101001 (base 2) to base 15.
20821
What is 10020110102001 (base 3) in base 5?
420041332
Convert -201313101 (base 5) to base 4.
-3011011230
202122022111 (base 3) to base 10
406282
-56a745 (base 12) to base 5
-323340132
1c783c (base 16) to base 6
103553524
Convert -2b1ba7 (base 14) to base 16.
-16f027
10110101111000110001010 (base 2) to base 8
26570612
What is -2021212100200 (base 3) in base 15?
-190be6
-201021132 (base 4) to base 3
-20220020200
What is -8235 (base 15) in base 7?
-143114
What is 36932 (base 16) in base 2?
110110100100110010
What is 20890 (base 14) in base 2?
10011001010111110
2263835 (base 9) to base 6
42115005
-100110101001001010001 (base 2) to base 5
-311010012
What is -37487 (base 12) in base 3?
-10210212011
-100011010111001000 (base 2) to base 8
-432710
Convert -15351513 (base 6) to base 14.
-102085
Convert -1944311 (base 12) to base 7.
-63116611
What is 33a0b0 (base 15) in base 6?
124451003
-907a9 (base 11) to base 14
-36531
55015132 (base 7) to base 13
c8bb91
What is -64757 (base 11) in base 5?
-11002304
Convert 11546314 (base 7) to base 15.
157417
Convert -10011010000001110 (base 2) to base 7.
-445630
Convert 6937 (base 16) to base 2.
110100100110111
What is 338dd1 (base 15) in base 9?
4558577
101100001000111100010 (base 2) to base 3
2201111001021
Convert -3012020000 (base 4) to base 5.
-201432040
Convert 425431054 (base 6) to base 9.
15172307
332033312 (base 4) to base 16
3e3f6
Convert 42332330 (base 5) to base 8.
1266014
Convert -36760 (base 13) to base 3.
-12002100101
What is -789866 (base 13) in base 8?
-12673754
What is -465544 (base 14) in base 5?
-1103142202
Convert 503906 (base 11) to base 10.
810343
Convert 3114413334 (base 5) to base 2.
11000011011100001111011
-18ba0c (base 13) to base 12
-262096
What is 2112010202 (base 3) in base 13?
197c0
-35753761 (base 8) to base 3
-112210000202022
Convert 1110111011111010100000 (base 2) to base 12.
1389a54
-212001122032 (base 4) to base 12
-34080ba
Convert -8664666 (base 9) to base 5.
-2142224100
What is 3020445 (base 7) in base 3?
200012001110
What is 1550643 (base 7) in base 13?
76548
What is 11201121011 (base 3) in base 9?
151534
Convert -12001021002 (base 3) to base 9.
-161232
Convert 1b92b (base 13) to base 14.
15ad8
What is 220330 (base 8) in base 6?
1330200
What is 5321112 (base 7) in base 15?
cab99
Convert 23230210303 (base 4) to base 9.
5682877
Convert 13121033 (base 5) to base 13.
46c4c
Convert 2506481 (base 11) to base 4.
100213231020
What is -15033441 (base 6) in base 15?
-a36d1
Convert -564091 (base 13) to base 16.
-1f1401
Convert -863089 (base 10) to base 14.
-186773
What is -1000010001110011110010 (base 2) in base 3?
-11002020211000
Convert -1021022121111 (base 3) to base 10.
-675499
Convert 543345 (base 13) to base 14.
396b20
Convert 46474 (base 9) to base 12.
15b41
100001001100010100 (base 2) to base 6
2525232
-12120211221220 (base 3) to base 4
-23110321203
32513 (base 10) to base 15
9978
-573225 (base 8) to base 14
-50ab3
Convert -1424410023 (base 5) to base 4.
-32102322321
Convert 22a491 (base 13) to base 6.
25343424
What is 2b378 (base 16) in base 15?
376b1
14550 (base 11) to base 8
50221
Convert 15933 (base 15) to base 3.
10112102210
Convert 250764 (base 9) to base 2.
100100111111101000
What is 3353102 (base 10) in base 7?
40333544
Convert -20002210020022 (base 3) to base 4.
-30113313203
What is 5a5901 (base 13) in base 15?
2c85dc
What is -14a53aa (base 14) in base 16?
-99ccda
-12100222221 (base 3) to base 7
-620113
What is 6552 (base 9) in base 4?
1023122
-12200121002 (base 3) to base 14
-2cb3d
What is -214eb (base 16) in base 5?
-13331202
Convert -625cd (base 15) to base 11.
-1a3301
Convert -2283274 (base 10) to base 5.
-1041031044
What is 131332101 (base 4) in base 16?
1df91
10345572 (base 9) to base 14
93c987
-202b2 (base 14) to base 8
-227104
1444231140 (base 5) to base 7
45066054
1303363 (base 7) to base 10
169291
-13a8b5 (base 12) to base 16
-50789
-313512 (base 9) to base 5
-21430221
What is -3044455 (base 7) in base 16?
-58e7f
1422402 (base 5) to base 12
15253
73843 (base 11) to base 4
122033213
Convert -2011002102201 (base 3) to base 16.
-11725c
Convert -533706 (base 9) to base 2.
-1001101100011111000
What is 275dc6 (base 14) in base 15?
1bd3d7
-101000001111001110110 (base 2) to base 16
-141e76
What is -1033302 (base 7) in base 3?
-20101212210
11110001000110000100 (base 2) to base 3
1212011121222
Convert 3130203113 (base 4) to base 6.
31210155
263362462 (base 7) to base 6
1402000224
20000002122022 (base 3) to base 11
188a13a
Convert 12a109 (base 14) to base 7.
5313412
What is 2440413 (base 6) in base 11?
89538
Convert 56431 (base 13) to base 